tens digit of s?
7
Let h(t) = t**2 + 2*t - 5. Let m be h(-5). Let i = m + -7. Suppose 2*v - 147 = i*r, 15 = 2*r + r. What is the tens digit of v?
8
Let j be 1 - -2*(-3 + 2) - -5. Suppose 0 = -3*l - 3*f + 39, -5*l + 0*l - j*f + 62 = 0. Suppose l*t - 1111 = 729. What is the tens digit of t?
8
Let j = -3099 - -6056. What is the units digit of j?
7
What is the hundreds digit of (-30)/285 + (-2524550)/(-190)?
2
Suppose -7*g = -12*g - 60. Let a be (-18)/(-5)*(280/g)/(-7). What is the tens digit of (-633)/(-4) + a/16?
5
Let q(j) = -45*j + 991. What is the hundreds digit of q(14)?
3
Let g(n) = -168*n - 980. What is the units digit of g(-13)?
4
Let p(r) = r**3 + 11*r**2 + 15*r + 12. Let i be 57/(-1)*(-13 + 12). Let o = i - 66. What is the units digit of p(o)?
9
Let r = -467 - -318. Let d = r + 398. What is the units digit of d?
9
Suppose -31*u = -18*u - 34645. Let b = u - 1572. What is the tens digit of b?
9
Let f(j) = 0*j**2 + 0 + 7*j**2 - 41*j - 5*j**2 + 5*j - 9. What is the units digit of f(-7)?
1
Let h = 273 + 3689. What is the tens digit of h?
6
Suppose 2*k = 4003 + 1805. Suppose -27*x = -35*x + k. What is the tens digit of x?
6
Let s = 4003 - 2626. What is the units digit of s?
7
Let r(c) = 15*c**2 + 2*c + 1. Let i be r(-3). Suppose 0 = -5*p + 3*a - 121, 48*p - 2*a - 42 = 50*p. Let j = p + i. What is the hundreds digit of j?
1
Suppose 12 = 5*h + y - 32, y + 19 = 2*h. Suppose 4*u = u - h. Let v = u + 79. What is the tens digit of v?
7
Let y = 34 - 23. Let w(o) = -15*o + 31. Let k be w(y). Let d = k - -205. What is the tens digit of d?
7
Let m = -139 - -230. Suppose -5*c = -5*s, -6*s + 45 = -2*s + 5*c. Suppose 2*r + s*a - m = 0, 257 = 4*r - 5*a - 0. What is the units digit of r?
8
Let x = -28895 - -51408. What is the tens digit of x?
1
Suppose 4*b + 4*x + 492 = 0, -4*x + 606 = -b - 4*b. Let v = b - -215. What is the units digit of v?
3
Suppose 204*b + 88*b = 66*b + 7167364. What is the ten thousands digit of b?
3
Suppose -87 = 4*f + 117. Let r = f - -54. What is the units digit of 68/((8 + 0 - r) + -3)?
4
Suppose 0 = 42*c - 3*c - 99294. What is the thousands digit of c?
2
Suppose 73030 = -39*b + 549142. What is the tens digit of b?
0
Let n be (-704)/(-6)*(34/4 - 1). Suppose p - 3*l = n, -6*p + 2705 = -3*p + 4*l. What is the tens digit of p?
9
Let q = -69 - -76. Suppose 0 = -b - x + 40, -18 = 5*x + q. What is the units digit of b?
5
Let f(w) = -29*w**2 - 5*w + 2. Let i be f(5). Let j be i/(-9) - (-7)/(-63). Suppose j + 83 = 2*h. What is the units digit of h?
3
Let f be (-8)/(-6)*((-2)/(-4) - -1). Suppose 2*q - 2 = -2*z, 5*q - 6*z = -f*z - 13. What is the tens digit of (q/(10/312))/((-36)/120)?
0
What is the thousands digit of 19910 + 3 + (-5 - -8)?
9
Let a = -46 - -48. Let b(n) = 4*n**2 - 8 - a*n**2 - 7*n + 4 + n**3 + 0*n**2. What is the units digit of b(4)?
4
Let q(x) = x**3 + 11*x**2 - 4*x + 16. Let p be q(-9). Suppose 0 = 2*o + 3*v - 4*v - 223, -2*v = 2*o - p. Suppose 0 = 7*t - 9*t + o. What is the tens digit of t?
5
Let n(x) = -47*x - 45. Let j(o) = -140*o - 137. Let v(l) = 2*j(l) - 7*n(l). What is the tens digit of v(6)?
3
Let f(b) = -90*b - 21. Let r be f(1). Let x = r - -246. What is the tens digit of x?
3
Suppose 537*c = 2*o + 539*c - 20132, 5*c = -2*o + 20141. What is the ten thousands digit of o?
1
Let l(g) = 2126*g**2 - 95*g - 383. What is the units digit of l(-5)?
2
Let h be (-18)/3*(35675/(-15) - -1). Suppose 3124 = 21*l - h. What is the units digit of l?
8
Let t(j) = -j + 215. Let z be t(0). Let a = 1325 + -1010. Let p = a - z. What is the hundreds digit of p?
1
Suppose 9*m - 1215 = -18*m. Suppose 0 - 28 = -j. Suppose o - j - m = 0. What is the tens digit of o?
7
Let y(t) = -572*t - 1505. What is the tens digit of y(-24)?
2
Let y(j) = -148*j + 35. Let n be y(-7). Let h = -24 + n. What is the thousands digit of h?
1
Suppose 25*p - 340311 - 75745 + 119906 = 0. What is the ten thousands digit of p?
1
Suppose 5*k - 472 + 192 = 0. What is the tens digit of k?
5
Let d(v) = 3*v + 0*v - 24 + 2*v - 18. Let k be d(9). Suppose s = -2*p + 36, 135 = 3*s - 6*p + k*p. What is the tens digit of s?
4
Suppose -497*n + 1409016 + 1509824 = -1331007. What is the hundreds digit of n?
5
Suppose 4*n = 11*n + 287. Let d = 79 + -20. Let g = d + n. What is the units digit of g?
8
Let o(s) = 0 + 17 + 11 - 70*s. What is the tens digit of o(-4)?
0
Let j(i) = 15*i**3 - 3*i**2 + 13*i - 14. Let f = -173 - -177. What is the units digit of j(f)?
0
Suppose 0 = -3*c - 4*t + 14, 11 - 1 = 2*c + 3*t. Suppose 4*z - 5*z = 5*r - 307, c*r = 5*z + 112. What is the tens digit of r?
6
Suppose -4*v - 4 = -8*v. Let u(m) = 3*m**2 + 63*m - 12. Let a be u(-21). What is the tens digit of v - (361/(-7) - a/(-28))?
5
Let m(x) = 639*x + 686. What is the hundreds digit of m(22)?
7
Suppose b + 1 = 4*j, -2*j + 3*j + 4*b = -4. Let o be 3 + j - 901/17. Let w = -14 - o. What is the units digit of w?
6
Let h = -20 + 26. Let j = h - 13. Let w = 84 - j. What is the units digit of w?
1
Let s(p) = -2632*p - 555. What is the units digit of s(-6)?
7
Suppose b + 5*v - 78 = 0, -3*v = 3*b - 8*v - 174. Suppose b*c = 79*c - 9008. What is the tens digit of c?
6
Let o = -112 - -92. Let q be (2 - o/(-9)) + (-156)/27. What is the tens digit of 1 + (q/(-4))/((-3)/(-394))?
9
Let a be (-594)/(-99)*1046/4. What is the thousands digit of 55/11 + -2 + a?
1
Suppose k = -4*i + 34867 - 13193, 0 = 5*i - 4*k - 27124. What is the thousands digit of i?
5
Let t(o) = 45715*o + 322. What is the thousands digit of t(1)?
6
Let x(n) = n**3 - 10*n**2 - 14*n + 4. Let t(h) = h**3 - 11*h**2 - 13*h + 3. Let j(y) = -3*t(y) + 4*x(y). What is the tens digit of j(12)?
2
Let g(p) = 10*p - 20*p**2 + 5*p + 35*p**2 - 4*p + 8 - 2*p + p**3. Let r = -11 - 3. What is the tens digit of g(r)?
7
Let j(x) = 2306*x + 9481. What is the ten thousands digit of j(13)?
3
Suppose -n + 0*n = -76. Suppose -10 = -4*v - 2*i, 15 = -2*i - i. Suppose 0 = -k - v*r + n, 3*r = 2*r. What is the units digit of k?
6
Let b = 13 + -16. Let y(j) = -5*j**2 + 4*j + 13. Let i(l) = 5*l**2 - 3*l - 12. Let q(a) = 6*i(a) + 5*y(a). What is the units digit of q(b)?
2
What is the tens digit of (-64)/(85 + -90 - (-10026)/2006)?
9
Let l(b) = -53*b - 3. Let r be (8/(-8))/(2/6). Let c be l(r). Suppose c = 8*k - 4*k. What is the units digit of k?
9
Let o = -3 + 16. Suppose 0 = -n + 5*h + 14, 3*n - 12 = -2*h + o. Suppose -3*a - n = -39. What is the units digit of a?
0
Let b(k) = k**2 - 1. Let d(c) = 214*c**2. Let m(y) = -2*b(y) - d(y). Let x be m(1). Let t = 333 + x. What is the hundreds digit of t?
1
Let d = 130 + -128. Suppose -3*w = -3*b + 58 - 736, 3*w - 703 = -d*b. What is the hundreds digit of w?
2
Let y = -21302 + 42293. What is the hundreds digit of y?
9
Suppose 3*x - 4*b = 5*x + 8, 4*x + 28 = 4*b. Let n be x/10 - 4/60*6. Let d(p) = -74*p**3 - 2*p**2 + p + 1. What is the tens digit of d(n)?
7
Suppose -424071 = -15*l + 145605 - 9606. What is the tens digit of l?
3
Let g(v) be the third derivative of -v**6/24 + v**5/15 + 31*v**4/24 - v**3/2 - 137*v**2. What is the thousands digit of g(-6)?
1
Let z = -44 + 43. What is the tens digit of (-38)/(-76)*(691 - (z + 0))?
4
Suppose 36348 + 42008 = 8*m + 20684. What is the tens digit of m?
0
Let v be 704/(-374) + (-6)/51. What is the units digit of v/(-6)*(7 + (-8416)/(-8))?
3
Suppose 4*f + 0*g - g - 16 = 0, -3*g = -12. Suppose f*o - 4*u + 1676 - 4623 = 0, 2339 = 4*o + 3*u. What is the units digit of o?
7
Suppose 4*b - 15*b = -7513. Let k = b + -220. What is the hundreds digit of k?
4
Let s = 19 - 122. Let d = -164 - s. What is the tens digit of (-3 - d) + (-4)/4?
5
What is the hundreds digit of ((-144700)/(-30) - 0)/((-8)/(-12))?
2
Suppose -9*b = -12*b - w - 30, 0 = b + 3*w + 10. What is the tens digit of (-24 + 2)*b/4?
5
Let k be (-2 + 5)/(3/(-2)). Let z be (-5)/10 + k + (-130)/4. What is the units digit of (-7)/(z/1245) + 1?
0
Let k = -61 - -206. Suppose -w + 2*g + 139 = 0, 0*w - k = -w - g. What is the units digit of w?
3
Let t = -1224 - -2716. Let d = 2769 - t. What is the thousands digit of d?
1
Let s = -100 + 101. Let v be (s + (-15)/10)*130. What is the units digit of 193/5 - 26/v?
9
Suppose -3*z = -5*q - 21800, 21772 = 3*z - 745*q + 747*q. What is the units digit of z?
0
Let n = -48 + 49. Suppose -3*o - 5*v = -581, o - 5*v = n + 